 prime factors of 135455767.
135455767
List the prime factors of 54044829.
3, 6004981
List the prime factors of 43747168.
2, 43, 31793
What are the prime factors of 592326842?
2, 59, 5019719
What are the prime factors of 38695786?
2, 43, 449951
List the prime factors of 727054296.
2, 3, 2897, 10457
What are the prime factors of 643336534?
2, 127, 1361, 1861
What are the prime factors of 1016794738?
2, 508397369
List the prime factors of 2016133669.
11, 183284879
What are the prime factors of 1417382?
2, 31, 22861
List the prime factors of 158574151.
5641, 28111
List the prime factors of 3591562466.
2, 2347, 765139
What are the prime factors of 87531856?
2, 89, 61469
What are the prime factors of 93560757?
3, 23, 29, 46757
List the prime factors of 20914828.
2, 11, 17, 27961
List the prime factors of 43757881.
17, 59, 43627
What are the prime factors of 3558963991?
11, 17, 3329, 5717
List the prime factors of 45344322.
2, 3, 211, 11939
What are the prime factors of 210318205?
5, 941, 44701
List the prime factors of 9895640.
2, 5, 247391
What are the prime factors of 1243294277?
31, 67, 71, 8431
List the prime factors of 1296650013.
3, 432216671
List the prime factors of 982419774.
2, 3, 7, 1321, 17707
List the prime factors of 568742873.
23, 37, 71, 9413
List the prime factors of 1903441419.
3, 11, 29, 409, 1621
List the prime factors of 946049253.
3, 79, 137, 29137
List the prime factors of 112621672.
2, 137, 211, 487
List the prime factors of 2173109100.
2, 3, 5, 7243697
What are the prime factors of 1453203?
3, 61, 2647
List the prime factors of 57129988.
2, 14282497
List the prime factors of 5472399082.
2, 2736199541
What are the prime factors of 72644700?
2, 3, 5, 463, 523
List the prime factors of 42058575.
3, 5, 13, 4793
What are the prime factors of 167174712?
2, 3, 41, 43, 439
List the prime factors of 20987085.
3, 5, 7, 199877
List the prime factors of 208293975.
3, 5, 53, 17467
What are the prime factors of 588138504?
2, 3, 181, 135391
What are the prime factors of 851037606?
2, 3, 31, 1525157
What are the prime factors of 20017759?
20017759
List the prime factors of 349064891.
7, 197, 269, 941
List the prime factors of 63549390.
2, 3, 5, 2118313
What are the prime factors of 136682784?
2, 3, 7, 151, 449
List the prime factors of 51509534.
2, 53, 137, 3547
List the prime factors of 1597661.
13, 59, 2083
What are the prime factors of 697625582?
2, 348812791
List the prime factors of 2374133655.
3, 5, 107, 1479211
List the prime factors of 3829889935.
5, 139, 5510633
List the prime factors of 164147546.
2, 17, 4827869
List the prime factors of 304999159.
17, 23, 780049
What are the prime factors of 1701198277?
1701198277
What are the prime factors of 56835283?
56835283
What are the prime factors of 359939702?
2, 2221, 81031
List the prime factors of 798371132.
2, 13, 2791, 5501
What are the prime factors of 6218590059?
3, 11, 67, 197, 4759
What are the prime factors of 1433622660?
2, 3, 5, 23, 281, 3697
List the prime factors of 882714888.
2, 3, 11, 371513
List the prime factors of 1080838744.
2, 2437, 55439
List the prime factors of 198322511.
198322511
What are the prime factors of 1013870178?
2, 3, 53, 443, 2399
List the prime factors of 122752154.
2, 7, 178939
What are the prime factors of 3793641559?
109, 1229, 28319
What are the prime factors of 125210941?
3853, 32497
What are the prime factors of 482246265?
3, 5, 32149751
List the prime factors of 41764245.
3, 5, 2784283
What are the prime factors of 132130188?
2, 3, 17, 215899
What are the prime factors of 3131542813?
7, 41, 1558757
List the prime factors of 947739182.
2, 13, 36451507
What are the prime factors of 464192813?
7, 113, 449, 1307
What are the prime factors of 34422406?
2, 17211203
List the prime factors of 26329549.
17, 23, 67339
What are the prime factors of 2900657826?
2, 3, 11, 14649787
What are the prime factors of 169350301?
1013, 167177
What are the prime factors of 303236315?
5, 3109, 19507
What are the prime factors of 209719402?
2, 31, 3382571
What are the prime factors of 393695118?
2, 3, 21871951
What are the prime factors of 3274834879?
691, 953, 4973
What are the prime factors of 12425095?
5, 1193, 2083
What are the prime factors of 408124874?
2, 37, 941, 5861
List the prime factors of 1301793134.
2, 650896567
List the prime factors of 642765697.
7, 109, 842419
List the prime factors of 2963869902.
2, 3, 7, 641, 36697
What are the prime factors of 5256090465?
3, 5, 350406031
List the prime factors of 44573926.
2, 101, 220663
What are the prime factors of 175677276?
2, 3, 14639773
List the prime factors of 24390019.
17, 1434707
List the prime factors of 734539911.
3, 7, 59, 592849
What are the prime factors of 9492439?
11, 727, 1187
What are the prime factors of 36112588?
2, 71, 127157
List the prime factors of 3348575126.
2, 13, 769, 991
What are the prime factors of 3730904200?
2, 5, 197, 94693
List the prime factors of 38378703.
3, 11, 1162991
List the prime factors of 895796102.
2, 61, 479, 15329
What are the prime factors of 3004250811?
3, 241, 4155257
What are the prime factors of 5927384?
2, 740923
List the prime factors of 162347074.
2, 8311, 9767
List the prime factors of 1914301.
89, 137, 157
What are the prime factors of 344879046?
2, 3, 977, 2179
List the prime factors of 78544098.
2, 3, 4363561
What are the prime factors of 2709592318?
2, 19, 71305061
What are the prime factors of 2530311393?
3, 29, 43, 676373
List the prime factors of 700409167.
103, 6800089
List the prime factors of 518050569.
3, 233, 741131
List the prime factors of 121208684.
2, 30302171
List the prime factors of 2154384843.
3, 13, 101, 546937
List the prime factors of 87508798.
2, 13, 3365723
What are the prime factors of 319666626?
2, 3, 17759257
What are the prime factors of 91394752?
2, 163, 8761
List the prime factors of 46466961.
3, 29, 43, 12421
What are the prime factors of 197760737?
12437, 15901
What are the prime factors of 369663?
3, 7, 29, 607
List the prime factors of 110059684.
2, 7, 561529
List the prime factors of 20593908.
2, 3, 572053
What are the prime factors of 17385768?
2, 3, 241469
List the prime factors of 2519864798.
2, 11, 37, 359, 8623
What are the prime factors of 6604519930?
2, 5, 31, 2129, 10007
What are the prime factors of 191911631?
271, 708161
What are the prime factors of 3832061950?
2, 5, 271, 282809
List the prime factors of 45528776.
2, 23, 247439
List the prime factors of 62446509.
3, 421, 16481
List the prime factors of 12789376.
2, 41, 2437
List the prime factors of 4054841603.
23, 7665107
What are the prime factors of 10430931?
3, 7, 496711
List the prime factors of 30931514.
2, 61, 253537
What are the prime factors of 18906873?
3, 17, 370723
List the prime factors of 143804373.
3, 449, 106759
List the prime factors of 68812855.
5, 17, 809563
What are the prime factors of 84630998?
2, 17, 2489147
List the prime factors of 18439637.
31, 594827
What are the prime factors of 6086213282?
2, 17, 281, 283, 2251
What are the prime factors of 58029818?
2, 7, 11, 53831
List the prime factors of 63825624.
2, 3, 47, 6287
What are the prime factors of 93050707?
17, 5473571
List the prime factors of 62640873.
3, 1151, 6047
What are the prime factors of 3190004929?
3190004929
List the prime factors of 3992761007.
239, 16706113
What are the prime factors of 2010652707?
3, 7, 95745367
List the prime factors of 65107936.
2, 31, 65633
List the prime factors of 156863303.
156863303
List the prime factors of 813197897.
43, 743, 25453
What are the prime factors of 1547038071?
3, 4457, 38567
List the prime factors of 496562358.
2, 3, 82760393
What are the prime factors of 6413380?
2, 5, 320669
List the prime factors of 297682221.
3, 2311, 42937
List the prime factors of 58021892.
2, 14505473
List the prime factors of 2926192466.
2, 1229, 1190477
List the prime factors of 5087695168.
2, 2347, 33871
What are the prime factors of 1432758627?
3, 3739, 42577
What are the prime factors of 288527778?
2, 3, 7, 11, 23, 431
What are the prime factors of 52535140?
2, 5, 7, 375251
What are the prime factors of 47308645?
5, 9461729
What are the prime factors of 88317506?
2, 1607, 27479
List the prime factors of 310073727.
3, 17, 37, 164321
What are the prim